{"id":5818,"date":"2022-02-09T15:33:50","date_gmt":"2022-02-09T18:33:50","guid":{"rendered":"http:\/\/&#038;p=5818"},"modified":"2025-11-27T14:20:32","modified_gmt":"2025-11-27T17:20:32","slug":"powerful-sos-250ml","status":"publish","type":"product","link":"https:\/\/grankera.com.br\/v3\/produto\/powerful-sos-250ml\/","title":{"rendered":"Powerful SOS 250ml"},"content":{"rendered":"<p>RECONDICIONADOR BIF\u00c1SICO 250 ML<\/p>\n<p>Os cabelos podem ficar extremamente danificados ap\u00f3s os processos qu\u00edmicos ainda serem submetidos ao sol, \u00e1gua do mar ou piscina. Nesses casos somente um termoativado rico em queratina e oligoelementos podem reparar e devolver vida aos cabelos. O POWERFULL S.O.S.Recondicionador Bif\u00e1sico possui uma formula\u00e7\u00e3o moderna que pode ser utilizada como suplemento reparador ap\u00f3s lavar o cabelo com shampoo e condicionador e tamb\u00e9m pode ser utilizado como protetor t\u00e9rmico, banho de hidrata\u00e7\u00e3o e filtro solar.<\/p>\n<p><strong>ATIVOS<\/strong><\/p>\n<p><em><strong>D-PANTENOL:<\/strong> <\/em>O D-pantenol \u00e9 uma vitamina chamada pr\u00f3-vitamina B5. Ele est\u00e1 presente na pele, nos cabelos e \u00e9 essencial para a sa\u00fade, cicatriza\u00e7\u00e3o e maciez dos fios e epiderme. Por conta disso, produtos com D-pantenol hidratam, tem a\u00e7\u00f5es anti-inflamat\u00f3rias e deixam os cabelos macios, sem frizz e pontas duplas.<\/p>\n<p><strong><em>OLIGOELEMENTOS:<\/em> <\/strong>S\u00e3o respons\u00e1veis por hidratar e deixar os cabelos male\u00e1veis, com brilho e volume controlado. Os oligoelementos s\u00e3o importantes para a apar\u00eancia dos cabelos, sua a\u00e7\u00e3o est\u00e1 baseada na prote\u00e7\u00e3o da superf\u00edcie do fio e visa promover um processo de regenera\u00e7\u00e3o e aumento do conte\u00fado h\u00eddrico, respons\u00e1vel pela hidrata\u00e7\u00e3o, na fibra capilar.<\/p>\n<p><em><strong>QUERATINA: <\/strong><\/em>Por tratar o cabelo de dentro para fora com o que ele tem de natural, devolve a capacidade saud\u00e1vel dos fios. Tratamentos com queratina s\u00e3o muito indicados para resolver problemas de diferentes tipos de cabelo. S\u00e3o indicados para os quimicamente tratados, quebradi\u00e7os, finos demais ou desalinhados, entre outros.<\/p>\n<p><em><strong>FILTRO UVB: <\/strong><\/em>Tem a fun\u00e7\u00e3o de proteger do sol, hidratar e selar os fios. Eles formam uma pel\u00edcula em torno do fio, com a fun\u00e7\u00e3o de refletir a luz solar, impedindo que o raio extraia a umidade do cabelo e prejudique a sua haste.<\/p>\n<p><b>MODO DE USAR: <\/b>Aplique em todo cabelo antes do secador e chapinha para proteger os fios. Pode ser utilizado diariamente para proteger dos raios UV, para desembara\u00e7ar, restaurar pontas danificadas e que precisam de hidrata\u00e7\u00e3o imediata.<\/p>\n","protected":false},"excerpt":{"rendered":"<p>Recondicionador Bif\u00e1sico que possui uma formula\u00e7\u00e3o moderna e pode ser utilizado como suplemento reparador, protetor t\u00e9rmico, banho de hidrata\u00e7\u00e3o e filtro solar.<\/p>\n","protected":false},"featured_media":6019,"comment_status":"open","ping_status":"closed","template":"","meta":[],"product_brand":[],"product_cat":[53],"product_tag":[],"class_list":{"0":"post-5818","1":"product","2":"type-product","3":"status-publish","4":"has-post-thumbnail","6":"product_cat-powerful","8":"first","9":"instock","10":"shipping-taxable","11":"purchasable","12":"product-type-simple"},"yoast_head":"<!-- This site is optimized with the Yoast SEO plugin v26.6 - https:\/\/yoast.com\/wordpress\/plugins\/seo\/ -->\n<title>Powerful SOS 250ml - Grankera<\/title>\n<meta name=\"robots\" content=\"noindex, follow, max-snippet:-1, max-image-preview:large, max-video-preview:-1\" \/>\n<meta property=\"og:locale\" content=\"pt_BR\" \/>\n<meta property=\"og:type\" content=\"article\" \/>\n<meta property=\"og:title\" content=\"Powerful SOS 250ml - Grankera\" \/>\n<meta property=\"og:description\" content=\"Recondicionador Bif\u00e1sico que possui uma formula\u00e7\u00e3o moderna e pode ser utilizado como suplemento reparador, protetor t\u00e9rmico, banho de hidrata\u00e7\u00e3o e filtro solar.\" \/>\n<meta property=\"og:url\" content=\"https:\/\/grankera.com.br\/v3\/produto\/powerful-sos-250ml\/\" \/>\n<meta property=\"og:site_name\" content=\"Grankera\" \/>\n<meta property=\"article:publisher\" content=\"https:\/\/www.facebook.com\/grankera.oficial\" \/>\n<meta property=\"article:modified_time\" content=\"2025-11-27T17:20:32+00:00\" \/>\n<meta property=\"og:image\" content=\"https:\/\/grankera.com.br\/v3\/wp-content\/uploads\/2022\/02\/1-powerful.webp\" \/>\n\t<meta property=\"og:image:width\" content=\"1000\" \/>\n\t<meta property=\"og:image:height\" content=\"1000\" \/>\n\t<meta property=\"og:image:type\" content=\"image\/webp\" \/>\n<meta name=\"twitter:card\" content=\"summary_large_image\" \/>\n<meta name=\"twitter:label1\" content=\"Est. tempo de leitura\" \/>\n\t<meta name=\"twitter:data1\" content=\"2 minutos\" \/>\n<script type=\"application\/ld+json\" class=\"yoast-schema-graph\">{\"@context\":\"https:\/\/schema.org\",\"@graph\":[{\"@type\":\"WebPage\",\"@id\":\"https:\/\/grankera.com.br\/v3\/produto\/powerful-sos-250ml\/\",\"url\":\"https:\/\/grankera.com.br\/v3\/produto\/powerful-sos-250ml\/\",\"name\":\"Powerful SOS 250ml - Grankera\",\"isPartOf\":{\"@id\":\"https:\/\/grankera.com.br\/v3\/#website\"},\"primaryImageOfPage\":{\"@id\":\"https:\/\/grankera.com.br\/v3\/produto\/powerful-sos-250ml\/#primaryimage\"},\"image\":{\"@id\":\"https:\/\/grankera.com.br\/v3\/produto\/powerful-sos-250ml\/#primaryimage\"},\"thumbnailUrl\":\"https:\/\/grankera.com.br\/v3\/wp-content\/uploads\/2022\/02\/1-powerful.webp\",\"datePublished\":\"2022-02-09T18:33:50+00:00\",\"dateModified\":\"2025-11-27T17:20:32+00:00\",\"breadcrumb\":{\"@id\":\"https:\/\/grankera.com.br\/v3\/produto\/powerful-sos-250ml\/#breadcrumb\"},\"inLanguage\":\"pt-BR\",\"potentialAction\":[{\"@type\":\"ReadAction\",\"target\":[\"https:\/\/grankera.com.br\/v3\/produto\/powerful-sos-250ml\/\"]}]},{\"@type\":\"ImageObject\",\"inLanguage\":\"pt-BR\",\"@id\":\"https:\/\/grankera.com.br\/v3\/produto\/powerful-sos-250ml\/#primaryimage\",\"url\":\"https:\/\/grankera.com.br\/v3\/wp-content\/uploads\/2022\/02\/1-powerful.webp\",\"contentUrl\":\"https:\/\/grankera.com.br\/v3\/wp-content\/uploads\/2022\/02\/1-powerful.webp\",\"width\":1000,\"height\":1000},{\"@type\":\"BreadcrumbList\",\"@id\":\"https:\/\/grankera.com.br\/v3\/produto\/powerful-sos-250ml\/#breadcrumb\",\"itemListElement\":[{\"@type\":\"ListItem\",\"position\":1,\"name\":\"In\u00edcio\",\"item\":\"https:\/\/grankera.com.br\/v3\/\"},{\"@type\":\"ListItem\",\"position\":2,\"name\":\"Loja\",\"item\":\"https:\/\/grankera.com.br\/v3\/loja\/\"},{\"@type\":\"ListItem\",\"position\":3,\"name\":\"Powerful SOS 250ml\"}]},{\"@type\":\"WebSite\",\"@id\":\"https:\/\/grankera.com.br\/v3\/#website\",\"url\":\"https:\/\/grankera.com.br\/v3\/\",\"name\":\"Grankera\",\"description\":\"\",\"publisher\":{\"@id\":\"https:\/\/grankera.com.br\/v3\/#organization\"},\"potentialAction\":[{\"@type\":\"SearchAction\",\"target\":{\"@type\":\"EntryPoint\",\"urlTemplate\":\"https:\/\/grankera.com.br\/v3\/?s={search_term_string}\"},\"query-input\":{\"@type\":\"PropertyValueSpecification\",\"valueRequired\":true,\"valueName\":\"search_term_string\"}}],\"inLanguage\":\"pt-BR\"},{\"@type\":\"Organization\",\"@id\":\"https:\/\/grankera.com.br\/v3\/#organization\",\"name\":\"Grankera\",\"url\":\"https:\/\/grankera.com.br\/v3\/\",\"logo\":{\"@type\":\"ImageObject\",\"inLanguage\":\"pt-BR\",\"@id\":\"https:\/\/grankera.com.br\/v3\/#\/schema\/logo\/image\/\",\"url\":\"https:\/\/grankera.com.br\/v3\/wp-content\/uploads\/2025\/12\/logo.png\",\"contentUrl\":\"https:\/\/grankera.com.br\/v3\/wp-content\/uploads\/2025\/12\/logo.png\",\"width\":152,\"height\":33,\"caption\":\"Grankera\"},\"image\":{\"@id\":\"https:\/\/grankera.com.br\/v3\/#\/schema\/logo\/image\/\"},\"sameAs\":[\"https:\/\/www.facebook.com\/grankera.oficial\",\"https:\/\/www.instagram.com\/grankera.oficial\"]}]}<\/script>\n<!-- \/ Yoast SEO plugin. -->","yoast_head_json":{"title":"Powerful SOS 250ml - Grankera","robots":{"index":"noindex","follow":"follow","max-snippet":"max-snippet:-1","max-image-preview":"max-image-preview:large","max-video-preview":"max-video-preview:-1"},"og_locale":"pt_BR","og_type":"article","og_title":"Powerful SOS 250ml - Grankera","og_description":"Recondicionador Bif\u00e1sico que possui uma formula\u00e7\u00e3o moderna e pode ser utilizado como suplemento reparador, protetor t\u00e9rmico, banho de hidrata\u00e7\u00e3o e filtro solar.","og_url":"https:\/\/grankera.com.br\/v3\/produto\/powerful-sos-250ml\/","og_site_name":"Grankera","article_publisher":"https:\/\/www.facebook.com\/grankera.oficial","article_modified_time":"2025-11-27T17:20:32+00:00","og_image":[{"width":1000,"height":1000,"url":"https:\/\/grankera.com.br\/v3\/wp-content\/uploads\/2022\/02\/1-powerful.webp","type":"image\/webp"}],"twitter_card":"summary_large_image","twitter_misc":{"Est. tempo de leitura":"2 minutos"},"schema":{"@context":"https:\/\/schema.org","@graph":[{"@type":"WebPage","@id":"https:\/\/grankera.com.br\/v3\/produto\/powerful-sos-250ml\/","url":"https:\/\/grankera.com.br\/v3\/produto\/powerful-sos-250ml\/","name":"Powerful SOS 250ml - Grankera","isPartOf":{"@id":"https:\/\/grankera.com.br\/v3\/#website"},"primaryImageOfPage":{"@id":"https:\/\/grankera.com.br\/v3\/produto\/powerful-sos-250ml\/#primaryimage"},"image":{"@id":"https:\/\/grankera.com.br\/v3\/produto\/powerful-sos-250ml\/#primaryimage"},"thumbnailUrl":"https:\/\/grankera.com.br\/v3\/wp-content\/uploads\/2022\/02\/1-powerful.webp","datePublished":"2022-02-09T18:33:50+00:00","dateModified":"2025-11-27T17:20:32+00:00","breadcrumb":{"@id":"https:\/\/grankera.com.br\/v3\/produto\/powerful-sos-250ml\/#breadcrumb"},"inLanguage":"pt-BR","potentialAction":[{"@type":"ReadAction","target":["https:\/\/grankera.com.br\/v3\/produto\/powerful-sos-250ml\/"]}]},{"@type":"ImageObject","inLanguage":"pt-BR","@id":"https:\/\/grankera.com.br\/v3\/produto\/powerful-sos-250ml\/#primaryimage","url":"https:\/\/grankera.com.br\/v3\/wp-content\/uploads\/2022\/02\/1-powerful.webp","contentUrl":"https:\/\/grankera.com.br\/v3\/wp-content\/uploads\/2022\/02\/1-powerful.webp","width":1000,"height":1000},{"@type":"BreadcrumbList","@id":"https:\/\/grankera.com.br\/v3\/produto\/powerful-sos-250ml\/#breadcrumb","itemListElement":[{"@type":"ListItem","position":1,"name":"In\u00edcio","item":"https:\/\/grankera.com.br\/v3\/"},{"@type":"ListItem","position":2,"name":"Loja","item":"https:\/\/grankera.com.br\/v3\/loja\/"},{"@type":"ListItem","position":3,"name":"Powerful SOS 250ml"}]},{"@type":"WebSite","@id":"https:\/\/grankera.com.br\/v3\/#website","url":"https:\/\/grankera.com.br\/v3\/","name":"Grankera","description":"","publisher":{"@id":"https:\/\/grankera.com.br\/v3\/#organization"},"potentialAction":[{"@type":"SearchAction","target":{"@type":"EntryPoint","urlTemplate":"https:\/\/grankera.com.br\/v3\/?s={search_term_string}"},"query-input":{"@type":"PropertyValueSpecification","valueRequired":true,"valueName":"search_term_string"}}],"inLanguage":"pt-BR"},{"@type":"Organization","@id":"https:\/\/grankera.com.br\/v3\/#organization","name":"Grankera","url":"https:\/\/grankera.com.br\/v3\/","logo":{"@type":"ImageObject","inLanguage":"pt-BR","@id":"https:\/\/grankera.com.br\/v3\/#\/schema\/logo\/image\/","url":"https:\/\/grankera.com.br\/v3\/wp-content\/uploads\/2025\/12\/logo.png","contentUrl":"https:\/\/grankera.com.br\/v3\/wp-content\/uploads\/2025\/12\/logo.png","width":152,"height":33,"caption":"Grankera"},"image":{"@id":"https:\/\/grankera.com.br\/v3\/#\/schema\/logo\/image\/"},"sameAs":["https:\/\/www.facebook.com\/grankera.oficial","https:\/\/www.instagram.com\/grankera.oficial"]}]}},"_links":{"self":[{"href":"https:\/\/grankera.com.br\/v3\/wp-json\/wp\/v2\/product\/5818","targetHints":{"allow":["GET"]}}],"collection":[{"href":"https:\/\/grankera.com.br\/v3\/wp-json\/wp\/v2\/product"}],"about":[{"href":"https:\/\/grankera.com.br\/v3\/wp-json\/wp\/v2\/types\/product"}],"replies":[{"embeddable":true,"href":"https:\/\/grankera.com.br\/v3\/wp-json\/wp\/v2\/comments?post=5818"}],"wp:featuredmedia":[{"embeddable":true,"href":"https:\/\/grankera.com.br\/v3\/wp-json\/wp\/v2\/media\/6019"}],"wp:attachment":[{"href":"https:\/\/grankera.com.br\/v3\/wp-json\/wp\/v2\/media?parent=5818"}],"wp:term":[{"taxonomy":"product_brand","embeddable":true,"href":"https:\/\/grankera.com.br\/v3\/wp-json\/wp\/v2\/product_brand?post=5818"},{"taxonomy":"product_cat","embeddable":true,"href":"https:\/\/grankera.com.br\/v3\/wp-json\/wp\/v2\/product_cat?post=5818"},{"taxonomy":"product_tag","embeddable":true,"href":"https:\/\/grankera.com.br\/v3\/wp-json\/wp\/v2\/product_tag?post=5818"}],"curies":[{"name":"wp","href":"https:\/\/api.w.org\/{rel}","templated":true}]}}